142430?
131030
In base 2, what is -1101001001011010101011010 - 1101?
-1101001001011010101100111
In base 6, what is 24104 - 315241?
-251133
In base 16, what is -9154 + -f6?
-924a
In base 15, what is 2d6 - -109?
3e0
In base 5, what is 1010300 - 114120?
341130
In base 7, what is 502 - -114136?
114641
In base 15, what is 1063 - 744c?
-63d9
In base 7, what is -11133136232 - -1?
-11133136231
In base 3, what is -210001222001 + 2?
-210001221222
In base 2, what is -101 + 11011110110111110001?
11011110110111101100
In base 9, what is 11644 + -2018?
8625
In base 5, what is 230224230 - -1144?
230230424
In base 13, what is -2 - -1322a33b?
1322a339
In base 13, what is -8 - -3051ba?
3051b2
In base 14, what is -2ba + -c53c?
-c818
In base 10, what is -1573 - -13946?
12373
In base 12, what is -727576 + 3?
-727573
In base 15, what is -9 + 3de3e1?
3de3d7
In base 11, what is 59 + -1a4435?
-1a4387
In base 4, what is 100131020300 + 2221?
100131023121
In base 9, what is -128588 - -43?
-128545
In base 15, what is 355a0 - -9?
355a9
In base 10, what is 3 + 9188001?
9188004
In base 10, what is -4 + -23106?
-23110
In base 16, what is -2b4 + 3080f?
3055b
In base 2, what is -1001110010111001100 + -1000101?
-1001110011000010001
In base 16, what is e387ba - 3?
e387b7
In base 10, what is 876113 + -6?
876107
In base 10, what is -11173928 - -21?
-11173907
In base 6, what is 13102 + 14510?
32012
In base 15, what is -87e4d + 44?
-87e09
In base 16, what is -200a4 + 51?
-20053
In base 12, what is -86a249 - -16?
-86a233
In base 11, what is 3 - -20437249?
20437251
In base 13, what is -109b9b4c + -5?
-109b9b54
In base 8, what is 7515701 + -5?
7515674
In base 11, what is -4230426 - -4?
-4230422
In base 9, what is 161485 - -571?
162166
In base 11, what is 1915 - 2a738?
-28923
In base 16, what is 3e + 157ebc?
157efa
In base 13, what is 28a64c6 + -4?
28a64c2
In base 16, what is e6c + -3164?
-22f8
In base 4, what is -2322 + -1031213030?
-1031222012
In base 10, what is -1206590 - 105?
-1206695
In base 16, what is -1b6c01 - 6f?
-1b6c70
In base 3, what is -1002 - 10200211012?
-10200212021
In base 14, what is 38 - a876?
-a83c
In base 13, what is 3 + 3ba016?
3ba019
In base 8, what is -6124334 - 20?
-6124354
In base 9, what is -5681412 + -323?
-5681735
In base 15, what is e8e07e + -12?
e8e06c
In base 7, what is 6 + -205522515?
-205522506
In base 14, what is 20d + 164?
373
In base 4, what is -11 + -20002100002?
-20002100013
In base 5, what is 4143 + 334110?
343303
In base 6, what is 4355 + 3343305?
3352104
In base 5, what is 41134301 - -1100?
41140401
In base 15, what is 4 + 13dc667?
13dc66b
In base 2, what is 11010110101100110011 + 0?
11010110101100110011
In base 4, what is 122012011 - 1331?
122010020
In base 4, what is -100301331011 - -1313?
-100301323032
In base 3, what is -21200102201011 - -1?
-21200102201010
In base 3, what is 212000 - 11011122200?
-11010210200
In base 12, what is 0 - 268a105?
-268a105
In base 12, what is -1b45 + -56a9?
-7632
In base 5, what is 432344220341 + 3?
432344220344
In base 12, what is -3 + -3b91836?
-3b91839
In base 12, what is 15 + 551a8?
55201
In base 13, what is 9b77177 - -2?
9b77179
In base 7, what is -550 - 4421460?
-4422340
In base 16, what is 59 + 4c516?
4c56f
In base 11, what is 168542a + 0?
168542a
In base 7, what is -2 + -105622312?
-105622314
In base 13, what is 96 + -49144?
-4907b
In base 4, what is -120332300100 + -323?
-120332301023
In base 11, what is -7a7 - 35a716?
-360412
In base 5, what is -402 - -4103003?
4102101
In base 12, what is 110 + 7283?
7393
In base 8, what is 2 - 644304?
-644302
In base 12, what is -1600 - 9177?
-a777
In base 12, what is -3184a7 - -1?
-3184a6
In base 16, what is -3c - 12abf?
-12afb
In base 2, what is 100101110111001 + -11101101?
100101011001100
In base 11, what is -2 - -918a17?
918a15
In base 8, what is -32034 + 732?
-31102
In base 8, what is -55014173 + 0?
-55014173
In base 2, what is -1010100111000011010 + 1001100110?
-1010100101110110100
In base 6, what is -31021323 + -4?
-31021331
In base 7, what is 46 + 4002300?
4002346
In base 11, what is -25863 + 59?
-25805
In base 4, what is -10201320211 - -232?
-10201313313
In base 12, what is -314 - 3a00?
-4114
In base 4, what is -10113311 - 31032?
-10211003
In base 7, what is 100 + -1141250?
-1141150
In base 13, what is 78c37c + 16?
78c395
In base 13, what is 2 + -2c03826?
-2c03824
In base 6, what is -11124124323 + 4?
-11124124315
In base 12, what is 3 + 544848?
54484b
In base 6, what is -101 - 55020435?
-55020540
In base 12, what is 74549 - -13a?
74687
In base 6, what is 1 - 21541242?
-21541241
In base 15, what is -1069a4 - a4?
-106a58
In base 12, what is 11660 - -4524?
15b84
In base 13, what is 122015 - 81?
121c64
In base 7, what is -63056031 + 11?
-63056020
In base 9, what is 27107044 - 20?
27107024
In base 12, what is b9242 - -4a?
b9290
In base 14, what is 2 - 71648?
-71646
In base 14, what is 1b9c8a + 2?
1b9c8c
In base 6, what is 2 + -55000532?
-55000530
In base 9, what is -110027 - 2270?
-112307
In base 16, what is 18 + 1bde81?
1bde99
In base 10, what is 4 - 78235890?
-78235886
In base 16, what is -11880a4 + -2?
-11880a6
In base 2, what is 1 + -1000111101011001000100010100?
-1000111101011001000100010011
In base 4, what is -2030 - -102331112313?
102331110223
In base 9, what is -50522133 - -7?
-50522125
In base 13, what is -317 - 17027?
-17341
In base 4, what is 320200 - -323311?
1310111
In base 4, what is -122121 - 13311010?
-20033131
In base 7, what is -2 - 1216460634?
-1216460636
In base 2, what is 111110100101 - 100001110?
111010010111
In base 14, what is 3 - 3b1299a?
-3b12997
In base 6, what is -3 + -1303205521?
-1303205524
In base 2, what is 100 + -10010011001100000101011?
-10010011001100000100111
In base 16, what is 5dad30 - -4?
5dad34
In base 13, what is 176660caa - -1?
176660cab
In base 3, what is 2202112120221 + 122?
2202112121120
In base 7, what is -222066335 + -1?
-222066336
In base 11, what is 3 - -2a61279?
2a61281
In base 16, what is 7baa - 1d7?
79d3
In base 14, what is 35 + b389b3?
b38a08
In base 14, what is -84812 + -4a?
-8485c
In base 8, what is -4 + -1142036?
-1142042
In base 8, what is -1 + -113707370?
-113707371
In base 9, what is 1 - -340045432?
340045433
In base 11, what is 655 + 486262?
486907
In base 2, what is -1010110110010010101010 - 10111?
-1010110110010011000001
In base 12, what is -243b1a8 - -b?
-243b199
In base 13, what is 359 + -15a3?
-1247
In base 9, what is -3054 + -10475?
-13540
In base 11, what is -214 + -714566?
-71477a
In base 13, what is -14 + 2260c61?
2260c4a
In base 2, what is 1001110 + 1100111110111100100?
1100111111000110010
In base 9, what is -51487 + 12276?
-38211
In base 7, what is -111 - -345301?
345160
In base 11, what is 15057 - -1297?
16343
In base 3, what is 2100210122121102 + -21?
2100210122121011
In base 13, what is -6 - -3847a3?
38479a
In base 16, what is 7b39fde + 1?
7b39fdf
In base 11, what is -4334359 + -20?
-4334379
In base 15, what is 1 - 15b67a?
-15b679
In base 5, what is 4 - 1242330200?
-1242330141
In base 15, what is 6 - dd46c?
-dd466
In base 9, what is 36637 + 662?
37410
In base 4, what is 2102031332 - -3012?
2102101010
In base 4, what is 232220 - -2333003?
3231223
In base 9, what is 505 + -236170?
-235564
In base 6, what is 2445 + -142524?
-140035
In base 6, what is -132352355 + 5?
-132352350
In base 10, what is -5 + -15855282?
-15855287
In base 10, what is -2542067 + -3?
-2542070
In base 15, what is 63 - 68c?
-629
In base 12, what is -300 - 2050a?
-2080a
In base 6, what is 454 - 410151?
-405253
In base 2, what is 110 - -11110010000110010111?
11110010000110011101
In base 2, what is -101 - -11010111110100011111001001?
11010111110100011111000100
In base 4, what is 2 - 120112102021?
-120112102013
In base 12, what is -1a194 + -866?
-1aa3a
In base 16, what is 3 - d29ef6?
-d29ef3
In base 8, what is 761467 + 40?
761527
In base 8, what is 3 - 210446361?
-210446356
In base 8, what is 2565236605 - 1?
2565236604
In base 7, what is 56554041 - -20?
56554061
In base 16, what is -1 + -73419d4?
-73419d5
In base 16, what is -1268f + fb?
-12594
In base 4, what is 10332311 + -123131?
10203120
In base 10, what is 12907 + 444?
13351
In base 6, what is -115 + 2000345?
2000230
In base 10, what is -10001442 - -5?
-10001437
In base